e k(-14).
24
Let m(f) = -27*f + 33. Determine m(-2).
87
Let c(f) = 214*f**3 + 2*f**2 - 29*f + 27. Determine c(1).
214
Let f(p) = 2*p**3 - 118*p**2 - 3*p + 174. Calculate f(59).
-3
Let j(z) = -22*z**2 + 791*z + 31. Give j(36).
-5
Let f(l) = -l**2 + 27*l - 216. Calculate f(28).
-244
Let s(d) = 11*d - 1110. Calculate s(102).
12
Let j(b) = 5*b**2 + 292*b + 1082. Determine j(-4).
-6
Let l(w) = -w**2 - 128*w - 2518. Calculate l(-104).
-22
Let x(y) = -2*y**2 + 63*y + 488. What is x(-7)?
-51
Let h(z) = z**3 - 42*z**2 + 439*z - 604. Determine h(26).
-6
Let g(y) = y**3 - 11*y**2 + 20*y - 37. Determine g(9).
-19
Let m(p) = p**2 - 71*p - 322. Give m(76).
58
Let u(x) = 183*x + 547. What is u(-3)?
-2
Let v(f) = 15*f - 1008. Calculate v(73).
87
Let o(s) = 3*s**3 - s**2 - 27*s - 42. Calculate o(-2).
-16
Let k(b) = 1690*b - 150408. Calculate k(89).
2
Let w(z) = -z**2 - 67*z + 679. Determine w(-76).
-5
Let v(z) = -59*z - 581. Calculate v(-11).
68
Let u(y) = 2*y**2 + 55*y + 36. Determine u(-26).
-42
Let p(h) = -48*h**2 + 102*h + 3. Give p(1).
57
Let p(l) = -l**2 + 90*l - 1457. Determine p(19).
-108
Let q(x) = 6*x - 303. Determine q(10).
-243
Let m(n) = 176*n**2 - 3346*n + 44. Calculate m(19).
6
Let p(o) = -o**2 + 5*o - 26. Calculate p(3).
-20
Let g(v) = -v**3 + 18*v**2 + 8*v - 435. Determine g(17).
-10
Let k(y) = -164*y**2 - y + 2. Give k(-1).
-161
Let m(y) = -13*y - 33. Determine m(-6).
45
Let d(s) = -387*s + 1940. Give d(5).
5
Let j(n) = n**3 + 6*n**2 - 5*n - 44. Give j(-4).
8
Let r(x) = -x**3 + 11*x**2 - 22*x + 40. Calculate r(8).
56
Let r(v) = -2*v**2 + 37*v + 13. Give r(10).
183
Let l(w) = 93*w + 21849. Give l(-235).
-6
Let a(v) = v**2 - 2993*v - 39085. Calculate a(-13).
-7
Let z(s) = 6*s + 87. Calculate z(-27).
-75
Let i(p) = -2*p**3 - 28*p**2 - 16*p + 19. Give i(-13).
-111
Let f(w) = -w**2 - 28*w + 401. Give f(11).
-28
Let p(k) = k**3 + 17*k**2 + 16*k + 58. Give p(-16).
58
Let m(j) = j**2 + 1168*j - 4718. Determine m(4).
-30
Let c(g) = -g**3 - 9*g**2 + 10*g + 20. Give c(-9).
-70
Let d(h) = 46*h - 1306. Determine d(28).
-18
Let r(g) = 370*g - 2967. What is r(8)?
-7
Let o(w) = -13209*w + 158505. What is o(12)?
-3
Let z(a) = 79*a - 1728. What is z(24)?
168
Let r(n) = -12*n**2 - 12*n. Give r(3).
-144
Let q(d) = -d**3 - 2*d**2 - 5*d - 136. Determine q(0).
-136
Let b(h) = -2*h**3 + 91*h**2 + 25*h + 900. Determine b(46).
-66
Let v(j) = 272*j**2 + 1626*j - 15. Determine v(-6).
21
Let q(v) = v**3 - 13*v**2 - 13*v + 257. Calculate q(12).
-43
Let x(f) = -5*f**2 - 123*f + 1384. What is x(-33)?
-2
Let t(j) = 109*j**2 - 873*j + 14. What is t(8)?
6
Let s(i) = -i**2 + 77*i - 154. Calculate s(75).
-4
Let n(r) = -9*r**2 + 76*r - 156. Determine n(9).
-201
Let m(o) = 44*o - 437. Determine m(10).
3
Let u(y) = 17*y**2 - 98*y + 6. Calculate u(5).
-59
Let t(g) = g**2 - 293*g + 8783. Determine t(34).
-23
Let s(b) = 2*b**3 - 31*b**2 - 177*b - 57. Determine s(20).
3
Let h(g) = -71*g - 131. Calculate h(-6).
295
Let v(y) = 365*y + 1464. Calculate v(-4).
4
Let w(y) = 11*y**2 + 18*y + 60. Determine w(-3).
105
Let t(i) = i**2 + 43*i + 75. What is t(-42)?
33
Let b(m) = m**3 - 26*m**2 - 231*m + 68. Calculate b(33).
68
Let f(c) = -524*c - 3145. What is f(-6)?
-1
Let h(b) = -2*b**3 - 181*b**2 - 129*b - 3512. Determine h(-90).
-2
Let b(s) = 9*s**2 + 278*s - 29. Give b(-31).
2
Let n(v) = 5*v + 64. Determine n(15).
139
Let v(q) = -q**3 - 11*q**2 - 37*q - 69. Determine v(-10).
201
Let s(h) = 42*h + 1930. Calculate s(-45).
40
Let p(l) = -2*l**3 - 4*l**2 + 19*l + 31. Determine p(-6).
205
Let r(h) = 2*h**3 - 17*h**2 + 74*h - 204. Give r(5).
-9
Let x(w) = -5*w**2 + 156*w + 128. What is x(32)?
0
Let d(t) = t**2 + t - 1. Calculate d(-2).
1
Let l(m) = 5*m**3 + 34*m**2 + 8*m - 30. Determine l(-8).
-478
Let k(u) = -35*u - 1340. Give k(-39).
25
Let s(y) = -2*y**2 - 64*y - 62. What is s(-31)?
0
Let l(b) = 2*b**3 - 2*b**2 - b - 21. What is l(2)?
-15
Let g(k) = k**3 + 15*k**2 + 18*k + 76. Give g(-14).
20
Let p(f) = -1710*f + 135099. Determine p(79).
9
Let h(u) = u**2 + 94*u + 2204. Calculate h(-45).
-1
Let b(y) = 51*y + 1704. Calculate b(-32).
72
Let m(p) = 26052*p - 286574. Calculate m(11).
-2
Let n(s) = s**2 - 20*s + 51. Determine n(3).
0
Let t(f) = 1014*f + 17210. Determine t(-17).
-28
Let c(j) = j**3 + 45*j**2 + 396*j + 20. Calculate c(-12).
20
Let h(y) = -y**3 + 8*y**2 + 19*y + 9. Calculate h(10).
-1
Let y(q) = -q**2 - 25*q + 666. Give y(28).
-818
Let o(y) = 442*y + 4446. What is o(-10)?
26
Let r(x) = 827*x + 184422. What is r(-223)?
1
Let m(f) = 228*f - 461. Determine m(3).
223
Let m(b) = -344*b - 18204. Determine m(-53).
28
Let k(d) = 202*d + 8493. What is k(-42)?
9
Let l(k) = 117*k + 6320. Calculate l(-54).
2
Let f(c) = -c**2 - 302*c - 1. Give f(0).
-1
Let b(q) = -5*q**2 - 67*q - 4. Give b(-16).
-212
Let c(j) = -5*j + 7. What is c(36)?
-173
Let a(n) = 2*n**2 - 450*n - 1373. Calculate a(-3).
-5
Let w(f) = 604*f - 10298. Calculate w(17).
-30
Let o(s) = s**2 - 111*s + 2111. Give o(25).
-39
Let s(q) = -q**3 + 13*q**2 - 14*q - 61. Give s(11).
27
Let m(d) = -d**3 + 27*d**2 - 44*d - 88. Calculate m(25).
62
Let n(b) = -b**3 + 45*b**2 + 251*b - 51. Calculate n(50).
-1
Let u(h) = -102*h + 202. Give u(2).
-2
Let v(g) = -2*g**3 + 46*g**2 - 28*g - 10. Give v(22).
342
Let c(t) = -t**3 + 41*t**2 - 85*t. What is c(2)?
-14
Let u(j) = j**3 - 7*j**2 - 319*j + 1866. Calculate u(6).
-84
Let v(y) = 3*y**3 + 333*y**2 + 24*y + 2613. Give v(-111).
-51
Let h(m) = -830*m + 27. Give h(0).
27
Let i(f) = -f - 45. Determine i(-7).
-38
Let w(a) = -a**3 + 22*a**2 + 24*a - 38. Give w(23).
-15
Let v(k) = 4*k**3 - 3*k**2 + 30*k - 42. Calculate v(2).
38
Let h(u) = -635*u - 2534. Determine h(-4).
6
Let d(o) = -o**2 + 30*o + 167. Determine d(20).
367
Let t(n) = -n**2 - 25*n + 1178. Give t(-49).
2
Let m(d) = 240*d + 28314. Calculate m(-118).
-6
Let u(j) = -j**3 + 20*j**2 + 42*j - 1754. What is u(15)?
1
Let h(r) = 948*r + 8530. Give h(-9).
-2
Let f(i) = 2*i**3 + 192*i**2 - 392*i - 3. Determine f(-98).
-3
Let n(g) = 2*g**2 - 34*g - 118. What is n(20)?
2
Let v(j) = -106*j**2 - 502*j + 90. Determine v(-5).
-50
Let m(y) = y**3 + 121*y**2 + 2902*y - 180. What is m(-88)?
-4
Let q(d) = -15*d**3 + 254*d**2 + 256*d + 2. What is q(-1)?
15
Let j(i) = -6*i**3 - 10*i**2 + 61*i - 6. Calculate j(-4).
-26
Let t(l) = -68*l**2 + 43*l + 29. Calculate t(-1).
-82
Let x(a) = 2*a**3 + 8*a**2 - 9*a - 7. What is x(3)?
92
Let x(k) = 74*k + 134. Calculate x(-10).
-606
Let y(g) = -12*g**3 - 77*g**2 + 6*g - 13. What is y(-7)?
288
Let y(t) = 23*t + 795. What is y(-34)?
13
Let n(q) = 7*q**2 - 59*q - 7. Calculate n(9).
29
Let m(c) = -8*c - 122. What is m(-16)?
6
Let k(y) = -2*y**3 + 50*y**2 + 8*y + 28. What is k(25)?
228
Let i(z) = z**3 + 36*z**2 + 20*z - 207. Calculate i(-35).
318
Let k(a) = a**2 - 94*a - 7. What is k(10)?
-847
Let t(v) = v**3 - 4*v**2 - 2*v - 21. Give t(4).
-29
Let r(a) = -12*a**2 + 41*a + 1. Determine r(4).
-27
Let d(i) = -3*i**2 - 4639*i - 23133. What is d(-5)?
-13
Let a(u) = -u**2 + 37*u + 179. Give a(41).
15
Let z(b) = -98*b + 16373. Calculate z(167).
7
Let k(p) = -568*p - 24351. Give k(-43).
73
Let g(h) = h**3 - 49*h**2 + 322*h - 202. Give g(7).
-6
Let i(c) = c**2 + 48*c + 113. Determine i(-48).
113
Let u(w) = w**3 + 25*w**2 - 53*w + 61. What is u(-27)?
34
Let q(u) = 49*u**3 - 9*u**2 + 10*u - 1. Give q(1).
49
Let c(y) = -228*y - 190. Calculate c(-1).
38
Let b(j) = -j**3 - 24*j**2 + 86*j + 61. Calculate b(-27).
-74
Let o(k) = -18773*k + 131430. What is o(7)?
19
Let c(q) = -104*q - 523. Give c(-5).
-3
Let b(c) = -c**3 - 12*c**2 - 33*c - 45. What is b(-12)?
351
Let v(t) = -350*t + 1397. Give v(4).
-3
Let h(a) = -144*a**3 - 2*a**2 + 26*a - 25. Calculate h(1).
-145
Let i(t) = 96*t + 368. Determine i(-4).
-16
Let c(h) = -237*h + 947. Calculate c(4).
-1
Let b(q) = -q**3 - q**2 + 41*q - 75. Calculate b(5).
-20
Let i(z) = -1812*z + 26. What is i(0)?
26
Let n(m) = -5*m**2 + 536*m + 457. Give n(108).
25
Let i(c) = -26*c + 151. Calculate i(19).
-343
Let i(k) = k**3 + 2*k**2 - 176*k + 7. What is i(12)?
-89
Let b(h) = h**2 + 10*h - 250. Calculate b(-21).
-19
Let m(k) = 892*k + 885. What is m(-1)?
-7
Let h(k) = 24*k - 1084. Calculate h(47).
44
Let y(o) = -7*o - 178. Give y(-25).
-3
Let j(u) = u**3 + 4*u**2 - 426*u + 2433. Calculate j(7).
-10
Let x(b) = 463*